-1)?
-14
What is 24 - -1 - (8 - (2 + 16 - 19))?
16
Evaluate -551 - -523 - (3 + -27).
-4
What is the value of (-1 - -1) + -7 + -18 + (-15 - -25)?
-15
What is the value of 2 + 7 + 7 + -7 + -5?
4
What is the value of -7 + (3 - 5) + -3 + 31 + -1?
18
Calculate (-18 - -22) + 0 + (-15 - (-1 + 3)).
-13
Evaluate (6 - 16) + 3 + (7 - 9).
-9
What is (-18 + 16 - (2 + -11)) + 7?
14
Evaluate -2 + 9 - (2 - -1) - 7.
-3
What is -6 - (-3 + (0 - -3) + 7)?
-13
What is the value of -24 + (19 - 10) - -15?
0
What is the value of -7 + 20 + 3 + -3?
13
What is the value of -1 - 2 - (-3 + (-1 - (-7 - -2)))?
-4
Calculate -13 - (-6 - -2) - -6.
-3
What is the value of (-19 - (-4 + -5)) + 12?
2
(-3 - (15 - 7)) + (-2 + 9 - 8)
-12
Evaluate 34 + -23 - (-1 + 1).
11
What is (-11 - -1) + 2 + (-14 - 10 - -13)?
-19
Evaluate (1 - 2) + -9 + 34 + -12.
12
Evaluate (-21 - -1) + (-35 - -72) + -47.
-30
-27 + 19 + -5 - -7
-6
1 - ((14 - 16) + 2) - (11 + 1)
-11
What is the value of (6 - 7 - (8 - (-2 - -3))) + 1?
-7
Evaluate 4 - (-20 + (-11 - -14 - -1)).
20
(-6 - -5) + -7 + (12 - 10)
-6
What is (536 - 546) + 22 + 0?
12
What is the value of (-4 - -3) + (-3 - -9 - 13) + -4?
-12
Calculate (-17 - -1) + 3 - (1 - (9 + -10)).
-15
(-1 - 0) + 3 - (8 + -20)
14
(22 - 32) + 22 - -14
26
What is (0 - (1 - 0)) + 5 + 30 + -34?
0
What is (1 - (-7 + 2 + -1 + 0)) + 10?
17
Evaluate -31 - 1 - (-1653 - -1632).
-11
What is the value of -16 - (-17 + 17 + (15 - 4))?
-27
-23 - (0 - (8 + 2))
-13
Evaluate 12 + 19 + -10 + 8 + -3.
26
What is (-14 - 0) + 34 + -36 - (0 + -6)?
-10
Calculate (-6 - (-14 + (10 - 5))) + (-4 - -1).
0
Calculate (4 - (-5 + 10)) + 2 - 0.
1
(-2 - 18) + (11 - -10 - 14)
-13
What is the value of -657 - -636 - (-1 - 15)?
-5
What is the value of 269 - 254 - (29 + -1 - 2)?
-11
Calculate -7 + (2 - -10) + 5 - 6.
4
Evaluate 0 + 0 + -2 - -8 - -21.
27
What is (0 - 14) + 252 + -231?
7
Calculate (1 - (6 + -1)) + (35 - 23) + 0.
8
Evaluate 10 - (39 + -15 + 6).
-20
Calculate (-19 - -26) + (-25 - -1).
-17
Calculate 12 + -2 + (-5 - (-14 + (-13 - -20))).
12
What is -9 + (3 - (-4 + 3 - -10) - -12)?
-3
What is the value of 4 - (6 + (-8 - -8) + 7) - 6?
-15
-3 - (-2 + -6 - (61 + -52))
14
What is 38 + -37 + (-2 - -11)?
10
Evaluate (5 - (-10 - -7)) + 7 + -2.
13
What is 10 + (-48 - (-9 - 18))?
-11
What is the value of -29 - -24 - 11 - ((-2 - -4) + -2)?
-16
Evaluate 3 + 14 + -15 - 0.
2
What is the value of 70 + -72 + (4 - (-3 + 23))?
-18
What is the value of (-22 - (-1 + -9)) + 24 + -17?
-5
What is (-6 - 11) + (-4 - (0 - (0 - -5)))?
-16
What is the value of -39 - (12 - 31) - (-10 - 0) - 0?
-10
Evaluate -6 - (0 + 0 + 6 - (12 + -12)).
-12
Evaluate 22 + -22 + -1 + 23.
22
(-3 - (0 + -3) - 16) + -9 + 7
-18
Calculate (20 - 16) + -12 + 6.
-2
Calculate -4 + 4 + -7 + 4 + -6.
-9
Evaluate -6 - (6 - (-3 + 4 + 2 + -2)).
-11
What is the value of 5 + (9 - (-14 - -24) - (-7 - 0))?
11
-25 + -57 + 53 - (1 + -3)
-27
What is the value of -9 - (10 + -8 - (-2 - -2))?
-11
-3 + 15 + (-6 - -4 - (2 + -5))
13
33 + -9 + -37 + 20
7
What is the value of -2 - (-4 + (1 - 8 - -16))?
-7
Evaluate 1 - (-17 - -4) - 3.
11
What is the value of -10 + -31 + 14 + -10 + 8?
-29
Calculate -15 + (1 - (4 - 7)).
-11
What is 204 - 217 - (-1 - -5)?
-17
What is the value of (-14 - -12) + -11 + 0?
-13
Evaluate (8 - -1) + (13 + -5 - 8 - 25).
-16
Evaluate (-3 - -16) + (-16 + -3 - -16).
10
What is 8 + (-8 + -3 - (2 - 21))?
16
Evaluate -10 + 1 + 22 + 19.
32
Evaluate -12 - (14 + -14 + -7).
-5
241 + -244 - (-1 - 12 - -1)
9
Evaluate (7 - 16) + -9 - (1 + 2 + -5).
-16
Evaluate (-3 - -16 - 14) + -16 + 2.
-15
Calculate -22 + 28 - (-6 - -15).
-3
What is the value of 52 + (-8 - 51) + (2 - 4 - -9)?
0
Evaluate 14 - (15 + (13 - 16)).
2
Calculate (48 - 23 - 23) + (2 - (-1 - -2)).
3
Evaluate -25 - (-10 + 2) - -11 - 4.
-10
What is 1 + 15 + -26 - -21?
11
Evaluate 10 - (-2 - -17) - (1 + -2) - 5.
-9
34 - 31 - (3 - 16)
16
What is (-47 - -28) + 39 + 2?
22
What is (0 - 23) + (237 - 210)?
4
What is the value of (-209 - -218) + 2 + -4?
7
Evaluate 14 + 2 + 2 + 20 + -10.
28
What is the value of -1 + -41 + -1065 + 1090?
-17
What is the value of 5 - (-11 + (10 + 6 - 12))?
12
What is (8 - (0 + 0 - -2)) + (54 - 59)?
1
Calculate 3 + -4 - (-10 + (-7 - -3)).
13
What is 2 - (2 - 1) - (-1 + 0 - 11)?
13
8 - (-2 - -2 - (-4 - 9))
-5
What is -42 + (5 + 0 - (-40 + (18 - -16)))?
-31
What is 4 + (-16 - -10) - ((13 - 7) + 4)?
-12
-17 + (-46 - (-13 + -35))
-15
What is 4 - (31 - 10) - (-43 - 1)?
27
0 - -1 - -6 - (31 + -38 + -5)
19
Evaluate -9 + 14 + (1 - (-1 - -9)).
-2
What is the value of (-42 - -61) + (1 - -1) - (-20 + 23)?
18
What is 7 - (-8 - -3 - 8 - -27)?
-7
What is the value of (7 - 21 - (-4 - 5)) + -6?
-11
Calculate -26 - -18 - (-1 - 0) - (3 - -23).
-33
Evaluate -4 - (1 + -6 + 7).
-6
Calculate 26 + 12 + -50 - -14.
2
What is the value of (-3 - (-6 + -1)) + -166 + 137?
-25
Calculate 36 + 30 + -22 + (-12 - 1).
31
Evaluate (58 - (1 - -7)) + -35 + 16.
31
Calculate (3 + 11 - (3 - -5)) + (1 - -4).
11
Calculate -29 - (15 + 0 + -12 + -4).
-28
What is 6 - (-8 + -12 + 15)?
11
Evaluate 15 + (-2 - 9) - -10.
14
What is the value of -22 + 9 + 7 - (-2 + -21)?
17
What is the value of 18 + 2 - (-4 - -5 - -4)?
15
Calculate (-18 - (-7 - -1)) + 2 + 7 + -7.
-10
-6 + -10 + -4 + 12 + -2 - 8
-18
Calculate 1 + 15 + -11 + -11 + (5 - -2).
1
What is 20 + (7 - 32) - ((0 - -8) + -1)?
-12
What is the value of (19 - 9) + -10 - 0?
0
8 + (-24 - -21) + -20
-15
(-1 + -2 - 3) + -31 + 26
-11
What is the value of -11 - (-3 + 6 + -7) - (-10 + 7)?
-4
What is (-15 - -18) + (0 - -1) + -4?
0
-20 + (-13 - (-12 - 4) - 0)
-17
Calculate (4 - -1) + (11 - (9 - -10)) + -1.
-4
What is -9 - ((-3 - -3) + (7 - 1) + -7)?
-8
Calculate -11 - (-10 + -2 + 14).
-13
What is the value of 0 + -25 - (-191 + 152)?
14
What is the value of (-18 + -4 - 0) + (4 - (-3 - 2))?
-13
6 + 8 + 55 + -17 + -21
31
(-4 - -8) + (-1 - 0 - 8)
-5
Evaluate -11 + 1 - (10 + (-3 + 14 - 26)).
-5
What is -11 + 27 + (32 - 48)?
0
-18 + -11 + (32 - 7)
-4
What is the value of 12 + -4 + (-7 + -4 - -13)?
10
1 - 18 - (-34 + (20 - -5)) - 21
-29
Evaluate 1 + 21 + -10 + 24 + -12 + -2.
22
What is the value of -16 - 0 - 6 - ((16 - 11) + 0)?
-27
What is the value of -28 + (-6 + 1 - -3) + (811 - 814)?
-33
(2 - (14 - -4)) + 3
-13
Calculate 15 + (2 - (-8 - -21)) - 9.
-5
Calculate -8 + (-5 - 4 - (26 - 14 - 58)).
29
What is the value of -44 - (-61 - (37 - 41))?
13
9 + 7 + -23 - -3
-4
What is -9 - -12 - (-2 + 4 + 6)?
-5
What is the value of 73 - (55 + -29) - 25?
22
Calculate (3 + -4 + 10 - (-29 + 27)) + -16.
-5
-6 + (14 - (33 + -14) - (-7 + -1))
-3
Calculate (-2 - 1) + (49 - (69 - 31)).
8
Calculate -3 - (-9 - -3) - 19 - (10 - 11).
-15
Calculate -7 - (4 - 5) - (-5 + -20 + 27).
-8
4 + -9 - (-3 - -10)
-12
Evaluate (-10 - (-1 - 5)) + 6 + (12 - 1).
13
Evaluate (-22 - -1) + 0 + -22 + 30.
-13
What is 119 + -176 + 29 + 2?
-26
Evaluate (1 - 6) + -1 - -5 - -7.
6
-20 + (-6 - -12 - -6)
-8
What is -4 + 4 + 3 + 8 + -1 + -1?
9
1 + 18 + (24 - 47)
-4
Evaluate -87 + 114 - (15 + 0).
12
What is -18 - ((-64 - -64) + 2 + 0 + -6)?
-14
What is 12 + (2 - 8) + -12 + 0 - -35?
29
What is the value of 1 - (-18 - ((-7 + -4 - -5) + 0))?
13
What is the value of -1 - (1 + (12 - 8) + -6 + 2)?
-2
Calculate -8 - 2 - (-34 + 21 + 24).
-21
Calculate -8 + 11 + (8 - (-6 - -19)).
-2
Calculate -6 - ((1 - -5) + (1 + 16 - 22)).
-7
What is the value of -5 + 0 + (6 - ((3 - -3) + -3))?
-2
Calculate -8 - (8 + 0 + (14 - 22) - -5).
-13
Evaluate -2 - (-5 + (6 + -6 - 4)) - 5.
2
Calculate (110 + -36 - 76) + (1 - 3) + 19.
15
(29 - (1 - 18)) + -23
23
What is the value of 22 + (12 + -20 - -5) + -12?
7
-2 + (-2 - 1) - -4 - (-3 + 2)
0
-45 + 25 + -20 - -14
-26
What is the value of 0 - (-5 + -5 - -4) - (10 + -1)?
-3
Calculate 15 - (-10 - -27) - 4.
-6
-9 + (216 - 198) + (-14 - -1)
-4
What is -267 + 260 - (0 + -20)?
13
What is the value of -3 + 22 - (-77 + 57)?
39
Calculate (9 - (3 + 6 - 9)) + -5.
4
What is the value of -15 + (8 - 3) + -4 + 10?
-4
Evaluate 26 + -11 + -12 - (2 - 9).
10
What is 3 - 5 - (7 + -10 + -27)?
28
(2 - (-14 + 9)) + (-18 - 2 - 1)
-14
What is the value of 6 - ((-16 + 9 - -6) + 4)?
3
Evaluate 28 - (-52 + 34 + 30).
16
What is 6 - 4 - ((-8 - -5) + 4 + -2)?
3
What is 0 - 0 - ((-17 - -18) + -9)?
8
What is -164 - 18 - -182 - (-1 - (-33 + -1))?
-33
-13 - (19 + -21) - (3 